{"id":548,"date":"2023-09-26T13:39:18","date_gmt":"2023-09-26T11:39:18","guid":{"rendered":"http:\/\/lesateliershestia.fr\/?page_id=548"},"modified":"2025-06-24T15:42:33","modified_gmt":"2025-06-24T13:42:33","slug":"home","status":"publish","type":"page","link":"https:\/\/lesateliershestia.fr\/","title":{"rendered":""},"content":{"rendered":"\t\t<div data-elementor-type=\"wp-page\" data-elementor-id=\"548\" class=\"elementor elementor-548\">\n\t\t\t\t<div class=\"elementor-element elementor-element-ebbc3c5 e-flex e-con-boxed wpr-particle-no wpr-jarallax-no wpr-parallax-no wpr-sticky-section-no e-con e-parent\" data-id=\"ebbc3c5\" data-element_type=\"container\">\n\t\t\t\t\t<div class=\"e-con-inner\">\n\t\t<div class=\"elementor-element elementor-element-948c483 e-con-full e-flex wpr-particle-no wpr-jarallax-no wpr-parallax-no wpr-sticky-section-no e-con e-child\" data-id=\"948c483\" data-element_type=\"container\" data-settings=\"{&quot;background_background&quot;:&quot;slideshow&quot;,&quot;background_slideshow_gallery&quot;:[{&quot;id&quot;:2873,&quot;url&quot;:&quot;https:\\\/\\\/lesateliershestia.fr\\\/wp-content\\\/uploads\\\/2024\\\/02\\\/accueil-photo-en-tete-v2-1.jpg&quot;}],&quot;background_slideshow_loop&quot;:&quot;yes&quot;,&quot;background_slideshow_slide_duration&quot;:5000,&quot;background_slideshow_slide_transition&quot;:&quot;fade&quot;,&quot;background_slideshow_transition_duration&quot;:500}\">\n\t\t\t\t<div class=\"elementor-element elementor-element-642dbbe elementor-hidden-mobile elementor-widget elementor-widget-text-editor\" data-id=\"642dbbe\" data-element_type=\"widget\" data-widget_type=\"text-editor.default\">\n\t\t\t\t<div class=\"elementor-widget-container\">\n\t\t\t\t\t\t\t\t\t<p>les Ateliers <b>HESTIA<\/b> <i>architectes <\/i><\/p><p>R\u00e9novation, r\u00e9habilitation et travail de l&rsquo;existant<\/p>\t\t\t\t\t\t\t\t<\/div>\n\t\t\t\t<\/div>\n\t\t\t\t<div class=\"elementor-element elementor-element-9ed8f21 elementor-hidden-desktop elementor-hidden-tablet elementor-widget elementor-widget-text-editor\" data-id=\"9ed8f21\" data-element_type=\"widget\" data-widget_type=\"text-editor.default\">\n\t\t\t\t<div class=\"elementor-widget-container\">\n\t\t\t\t\t\t\t\t\t<p>les Ateliers <b>HESTIA<\/b> <i>architectes <\/i><\/p><p>R\u00e9novation, r\u00e9habilitation et travail de l&rsquo;existant<\/p>\t\t\t\t\t\t\t\t<\/div>\n\t\t\t\t<\/div>\n\t\t\t\t<\/div>\n\t\t\t\t\t<\/div>\n\t\t\t\t<\/div>\n\t\t<div class=\"elementor-element elementor-element-4108266 e-flex e-con-boxed wpr-particle-no wpr-jarallax-no wpr-parallax-no wpr-sticky-section-no e-con e-parent\" data-id=\"4108266\" data-element_type=\"container\">\n\t\t\t\t\t<div class=\"e-con-inner\">\n\t\t\t\t<div class=\"elementor-element elementor-element-a16387c elementor-widget elementor-widget-heading\" data-id=\"a16387c\" data-element_type=\"widget\" data-widget_type=\"heading.default\">\n\t\t\t\t<div class=\"elementor-widget-container\">\n\t\t\t\t\t<h1 class=\"elementor-heading-title elementor-size-default\">NOS PROJETS<\/h1>\t\t\t\t<\/div>\n\t\t\t\t<\/div>\n\t\t\t\t\t<\/div>\n\t\t\t\t<\/div>\n\t\t<div class=\"elementor-element elementor-element-a44584c e-flex e-con-boxed wpr-particle-no wpr-jarallax-no wpr-parallax-no wpr-sticky-section-no e-con e-parent\" data-id=\"a44584c\" data-element_type=\"container\">\n\t\t\t\t\t<div class=\"e-con-inner\">\n\t\t\t\t<div class=\"elementor-element elementor-element-d046000 wpr-grid-columns-3 wpr-grid-columns--tablet2 wpr-grid-columns--mobile1 wpr-item-styles-inner elementor-widget elementor-widget-wpr-grid\" data-id=\"d046000\" data-element_type=\"widget\" data-widget_type=\"wpr-grid.default\">\n\t\t\t\t<div class=\"elementor-widget-container\">\n\t\t\t\t\t<ul class=\"wpr-grid-filters elementor-clearfix wpr-grid-filters-sep-right\"><li class=\" wpr-pointer-none wpr-pointer-line-fx wpr-pointer-fx-none\"><span   data-ajax-filter=[\"category\",\"extension\"]  data-filter=\".category-extension\">Extension<\/span><em class=\"wpr-grid-filters-sep\"><\/em><\/li><li class=\" wpr-pointer-none wpr-pointer-line-fx wpr-pointer-fx-none\"><span   data-ajax-filter=[\"category\",\"non-classe\"]  data-filter=\".category-non-classe\">Non class\u00e9<\/span><em class=\"wpr-grid-filters-sep\"><\/em><\/li><li class=\" wpr-pointer-none wpr-pointer-line-fx wpr-pointer-fx-none\"><span   data-ajax-filter=[\"category\",\"renovation\"]  data-filter=\".category-renovation\">R\u00e9novation<\/span><em class=\"wpr-grid-filters-sep\"><\/em><\/li><\/ul><section class=\"wpr-grid elementor-clearfix\" data-settings=\"{&quot;layout&quot;:&quot;fitRows&quot;,&quot;stick_last_element_to_bottom&quot;:&quot;&quot;,&quot;columns_desktop&quot;:3,&quot;gutter_hr&quot;:15,&quot;gutter_hr_mobile&quot;:15,&quot;gutter_hr_mobile_extra&quot;:15,&quot;gutter_hr_tablet&quot;:15,&quot;gutter_hr_tablet_extra&quot;:15,&quot;gutter_hr_laptop&quot;:15,&quot;gutter_hr_widescreen&quot;:15,&quot;gutter_vr&quot;:15,&quot;gutter_vr_mobile&quot;:20,&quot;gutter_vr_mobile_extra&quot;:15,&quot;gutter_vr_tablet&quot;:15,&quot;gutter_vr_tablet_extra&quot;:15,&quot;gutter_vr_laptop&quot;:15,&quot;gutter_vr_widescreen&quot;:15,&quot;animation&quot;:&quot;default&quot;,&quot;animation_duration&quot;:0.3,&quot;animation_delay&quot;:0.1,&quot;deeplinking&quot;:&quot;&quot;,&quot;filters_linkable&quot;:&quot;&quot;,&quot;filters_default_filter&quot;:&quot;&quot;,&quot;filters_count&quot;:&quot;&quot;,&quot;filters_hide_empty&quot;:&quot;no&quot;,&quot;filters_animation&quot;:&quot;default&quot;,&quot;filters_animation_duration&quot;:0.3,&quot;filters_animation_delay&quot;:0.1,&quot;pagination_type&quot;:&quot;load-more&quot;,&quot;pagination_max_pages&quot;:1,&quot;lightbox&quot;:{&quot;selector&quot;:&quot;.wpr-grid-image-wrap&quot;,&quot;iframeMaxWidth&quot;:&quot;60%&quot;,&quot;hash&quot;:false,&quot;autoplay&quot;:&quot;true&quot;,&quot;pause&quot;:5000,&quot;progressBar&quot;:&quot;true&quot;,&quot;counter&quot;:&quot;true&quot;,&quot;controls&quot;:&quot;true&quot;,&quot;getCaptionFromTitleOrAlt&quot;:&quot;true&quot;,&quot;thumbnail&quot;:&quot;&quot;,&quot;showThumbByDefault&quot;:&quot;&quot;,&quot;share&quot;:&quot;&quot;,&quot;zoom&quot;:&quot;true&quot;,&quot;fullScreen&quot;:&quot;true&quot;,&quot;download&quot;:&quot;true&quot;}}\"><article class=\"wpr-grid-item elementor-clearfix post-3717 post type-post status-publish format-standard has-post-thumbnail hentry category-renovation\"><div class=\"wpr-grid-item-inner\"><div class=\"wpr-grid-media-wrap wpr-effect-size-medium \" data-overlay-link=\"yes\"><div class=\"wpr-grid-image-wrap\" data-src=\"https:\/\/lesateliershestia.fr\/wp-content\/uploads\/2020\/05\/Nouveau-projet-16.jpg\" data-img-on-hover=\"\"  data-src-secondary=\"\"><img decoding=\"async\" data-no-lazy=\"1\" src=\"https:\/\/lesateliershestia.fr\/wp-content\/uploads\/2020\/05\/Nouveau-projet-16.jpg\" alt=\"013 &#8211; APPARTEMENT CK\" class=\"wpr-anim-timing-ease-default\"><\/div><div class=\"wpr-grid-media-hover wpr-animation-wrap\"><div class=\"wpr-grid-media-hover-bg  wpr-overlay-fade-in wpr-anim-size-large wpr-anim-timing-ease-default wpr-anim-transparency\" data-url=\"https:\/\/lesateliershestia.fr\/index.php\/2025\/06\/20\/appartement-ck\/\"><\/div><div class=\"wpr-cv-container\"><div class=\"wpr-cv-outer\"><div class=\"wpr-cv-inner\"><div class=\"wpr-grid-media-hover-middle elementor-clearfix\"><h2 class=\"wpr-grid-item-title elementor-repeater-item-6f1fb3b wpr-grid-item-display-custom wpr-grid-item-align-center wpr-element-fade-in wpr-anim-size-large wpr-anim-timing-ease-default wpr-anim-transparency wpr-pointer-none wpr-pointer-line-fx wpr-pointer-fx-fade\"><div class=\"inner-block\"><a target=\"_self\"  href=\"https:\/\/lesateliershestia.fr\/index.php\/2025\/06\/20\/appartement-ck\/\">013 &#8211; APPARTEMENT CK<\/a><\/div><\/h2><\/div><\/div><\/div><\/div><\/div><\/div><\/div><\/article><article class=\"wpr-grid-item elementor-clearfix post-3966 post type-post status-publish format-standard has-post-thumbnail hentry category-renovation\"><div class=\"wpr-grid-item-inner\"><div class=\"wpr-grid-media-wrap wpr-effect-size-medium \" data-overlay-link=\"yes\"><div class=\"wpr-grid-image-wrap\" data-src=\"https:\/\/lesateliershestia.fr\/wp-content\/uploads\/2025\/06\/renovation-appartement-clamart-chambre-1-vignette.jpg\" data-img-on-hover=\"\"  data-src-secondary=\"\"><img decoding=\"async\" data-no-lazy=\"1\" src=\"https:\/\/lesateliershestia.fr\/wp-content\/uploads\/2025\/06\/renovation-appartement-clamart-chambre-1-vignette.jpg\" alt=\"010 &#8211; APPARTEMENT SLCPK\" class=\"wpr-anim-timing-ease-default\"><\/div><div class=\"wpr-grid-media-hover wpr-animation-wrap\"><div class=\"wpr-grid-media-hover-bg  wpr-overlay-fade-in wpr-anim-size-large wpr-anim-timing-ease-default wpr-anim-transparency\" data-url=\"https:\/\/lesateliershestia.fr\/index.php\/2025\/06\/20\/010-appartement-slcpk\/\"><\/div><div class=\"wpr-cv-container\"><div class=\"wpr-cv-outer\"><div class=\"wpr-cv-inner\"><div class=\"wpr-grid-media-hover-middle elementor-clearfix\"><h2 class=\"wpr-grid-item-title elementor-repeater-item-6f1fb3b wpr-grid-item-display-custom wpr-grid-item-align-center wpr-element-fade-in wpr-anim-size-large wpr-anim-timing-ease-default wpr-anim-transparency wpr-pointer-none wpr-pointer-line-fx wpr-pointer-fx-fade\"><div class=\"inner-block\"><a target=\"_self\"  href=\"https:\/\/lesateliershestia.fr\/index.php\/2025\/06\/20\/010-appartement-slcpk\/\">010 &#8211; APPARTEMENT SLCPK<\/a><\/div><\/h2><\/div><\/div><\/div><\/div><\/div><\/div><\/div><\/article><\/section>\t\t\t\t<\/div>\n\t\t\t\t<\/div>\n\t\t\t\t\t<\/div>\n\t\t\t\t<\/div>\n\t\t<div class=\"elementor-element elementor-element-f295d50 e-flex e-con-boxed wpr-particle-no wpr-jarallax-no wpr-parallax-no wpr-sticky-section-no e-con e-parent\" data-id=\"f295d50\" data-element_type=\"container\">\n\t\t\t\t\t<div class=\"e-con-inner\">\n\t\t\t\t<div class=\"elementor-element elementor-element-870a24f elementor-button-info elementor-align-left elementor-widget elementor-widget-button\" data-id=\"870a24f\" data-element_type=\"widget\" data-widget_type=\"button.default\">\n\t\t\t\t<div class=\"elementor-widget-container\">\n\t\t\t\t\t\t\t\t\t<div class=\"elementor-button-wrapper\">\n\t\t\t\t\t<a class=\"elementor-button elementor-button-link elementor-size-sm elementor-animation-float\" href=\"https:\/\/lesateliershestia.fr\/index.php\/portfolio\/\">\n\t\t\t\t\t\t<span class=\"elementor-button-content-wrapper\">\n\t\t\t\t\t\t<span class=\"elementor-button-icon\">\n\t\t\t\t<i aria-hidden=\"true\" class=\"fas fa-arrow-right\"><\/i>\t\t\t<\/span>\n\t\t\t\t\t\t\t\t\t<span class=\"elementor-button-text\">D\u00e9couvrir les projets<\/span>\n\t\t\t\t\t<\/span>\n\t\t\t\t\t<\/a>\n\t\t\t\t<\/div>\n\t\t\t\t\t\t\t\t<\/div>\n\t\t\t\t<\/div>\n\t\t\t\t\t<\/div>\n\t\t\t\t<\/div>\n\t\t<div class=\"elementor-element elementor-element-431cac7 e-flex e-con-boxed wpr-particle-no wpr-jarallax-no wpr-parallax-no wpr-sticky-section-no e-con e-parent\" data-id=\"431cac7\" data-element_type=\"container\">\n\t\t\t\t\t<div class=\"e-con-inner\">\n\t\t\t\t<div class=\"elementor-element elementor-element-72ec233 elementor-widget elementor-widget-heading\" data-id=\"72ec233\" data-element_type=\"widget\" data-widget_type=\"heading.default\">\n\t\t\t\t<div class=\"elementor-widget-container\">\n\t\t\t\t\t<h1 class=\"elementor-heading-title elementor-size-default\">L\u2019AGENCE<\/h1>\t\t\t\t<\/div>\n\t\t\t\t<\/div>\n\t\t\t\t\t<\/div>\n\t\t\t\t<\/div>\n\t\t<div class=\"elementor-element elementor-element-bd5dd98 e-flex e-con-boxed wpr-particle-no wpr-jarallax-no wpr-parallax-no wpr-sticky-section-no e-con e-parent\" data-id=\"bd5dd98\" data-element_type=\"container\" data-settings=\"{&quot;background_background&quot;:&quot;classic&quot;}\">\n\t\t\t\t\t<div class=\"e-con-inner\">\n\t\t\t\t<div class=\"elementor-element elementor-element-7634bd9 elementor-widget elementor-widget-text-editor\" data-id=\"7634bd9\" data-element_type=\"widget\" data-widget_type=\"text-editor.default\">\n\t\t\t\t<div class=\"elementor-widget-container\">\n\t\t\t\t\t\t\t\t\t<p>Les Ateliers <span style=\"color: #ff6600;\"><strong>HESTIA<\/strong><\/span> est une agence d\u2019architecture d\u00e9di\u00e9e aux particuliers.\u00a0Nous vous accompagnons pour tout projet de r\u00e9novation : maisons, appartements, extensions, sur\u00e9l\u00e9vations, bureaux et espaces de travail.<\/p><p>Nous avons pour vocation de cr\u00e9er des <em><strong>lieux de vie<\/strong>, <\/em>avec du beau, du pratique, du confortable, du p\u00e9renne et du sur-mesure pour chaque client.<\/p><p>Delphine <strong>Marcotte<\/strong> &#8211; <em>architecte DE-HMONP<\/em>, est \u00e0 votre \u00e9coute pour vous guider, vous conseiller et vous proposer les solutions adapt\u00e9es \u00e0 vos envies, besoins, budgets et murs existants.<\/p>\t\t\t\t\t\t\t\t<\/div>\n\t\t\t\t<\/div>\n\t\t\t\t\t<\/div>\n\t\t\t\t<\/div>\n\t\t<div class=\"elementor-element elementor-element-729355f e-flex e-con-boxed wpr-particle-no wpr-jarallax-no wpr-parallax-no wpr-sticky-section-no e-con e-parent\" data-id=\"729355f\" data-element_type=\"container\">\n\t\t\t\t\t<div class=\"e-con-inner\">\n\t\t\t\t<div class=\"elementor-element elementor-element-6da5c98 elementor-button-info elementor-align-left elementor-widget elementor-widget-button\" data-id=\"6da5c98\" data-element_type=\"widget\" data-widget_type=\"button.default\">\n\t\t\t\t<div class=\"elementor-widget-container\">\n\t\t\t\t\t\t\t\t\t<div class=\"elementor-button-wrapper\">\n\t\t\t\t\t<a class=\"elementor-button elementor-button-link elementor-size-sm elementor-animation-float\" href=\"https:\/\/lesateliershestia.fr\/index.php\/a-propos\/\">\n\t\t\t\t\t\t<span class=\"elementor-button-content-wrapper\">\n\t\t\t\t\t\t<span class=\"elementor-button-icon\">\n\t\t\t\t<i aria-hidden=\"true\" class=\"fas fa-arrow-right\"><\/i>\t\t\t<\/span>\n\t\t\t\t\t\t\t\t\t<span class=\"elementor-button-text\">D\u00e9couvrir l'agence<\/span>\n\t\t\t\t\t<\/span>\n\t\t\t\t\t<\/a>\n\t\t\t\t<\/div>\n\t\t\t\t\t\t\t\t<\/div>\n\t\t\t\t<\/div>\n\t\t\t\t\t<\/div>\n\t\t\t\t<\/div>\n\t\t<div class=\"elementor-element elementor-element-d8a2e57 e-flex e-con-boxed wpr-particle-no wpr-jarallax-no wpr-parallax-no wpr-sticky-section-no e-con e-parent\" data-id=\"d8a2e57\" data-element_type=\"container\" data-settings=\"{&quot;background_background&quot;:&quot;slideshow&quot;,&quot;background_slideshow_gallery&quot;:[],&quot;background_slideshow_loop&quot;:&quot;yes&quot;,&quot;background_slideshow_slide_duration&quot;:5000,&quot;background_slideshow_slide_transition&quot;:&quot;fade&quot;,&quot;background_slideshow_transition_duration&quot;:500}\">\n\t\t\t\t\t<div class=\"e-con-inner\">\n\t\t<div class=\"elementor-element elementor-element-2a36ff3 e-con-full e-flex wpr-particle-no wpr-jarallax-no wpr-parallax-no wpr-sticky-section-no e-con e-child\" data-id=\"2a36ff3\" data-element_type=\"container\">\n\t\t\t\t<div class=\"elementor-element elementor-element-c0d482e elementor-widget elementor-widget-heading\" data-id=\"c0d482e\" data-element_type=\"widget\" data-widget_type=\"heading.default\">\n\t\t\t\t<div class=\"elementor-widget-container\">\n\t\t\t\t\t<h1 class=\"elementor-heading-title elementor-size-default\">SE RENCONTRER ?<\/h1>\t\t\t\t<\/div>\n\t\t\t\t<\/div>\n\t\t\t\t<div class=\"elementor-element elementor-element-fa56ac4 elementor-widget elementor-widget-heading\" data-id=\"fa56ac4\" data-element_type=\"widget\" data-widget_type=\"heading.default\">\n\t\t\t\t<div class=\"elementor-widget-container\">\n\t\t\t\t\t<p class=\"elementor-heading-title elementor-size-default\">N\u2019h\u00e9sitez pas \u00e0 nous contacter\net racontez nous votre projet !<\/p>\t\t\t\t<\/div>\n\t\t\t\t<\/div>\n\t\t\t\t<\/div>\n\t\t<div class=\"elementor-element elementor-element-bc7a6aa e-con-full e-flex wpr-particle-no wpr-jarallax-no wpr-parallax-no wpr-sticky-section-no e-con e-child\" data-id=\"bc7a6aa\" data-element_type=\"container\">\n\t\t\t\t<div class=\"elementor-element elementor-element-7e8a927 elementor-align-center elementor-widget elementor-widget-button\" data-id=\"7e8a927\" data-element_type=\"widget\" data-widget_type=\"button.default\">\n\t\t\t\t<div class=\"elementor-widget-container\">\n\t\t\t\t\t\t\t\t\t<div class=\"elementor-button-wrapper\">\n\t\t\t\t\t<a class=\"elementor-button elementor-button-link elementor-size-md elementor-animation-float\" href=\"https:\/\/lesateliershestia.fr\/index.php\/contact\/\">\n\t\t\t\t\t\t<span class=\"elementor-button-content-wrapper\">\n\t\t\t\t\t\t\t\t\t<span class=\"elementor-button-text\">NOUS CONTACTER<\/span>\n\t\t\t\t\t<\/span>\n\t\t\t\t\t<\/a>\n\t\t\t\t<\/div>\n\t\t\t\t\t\t\t\t<\/div>\n\t\t\t\t<\/div>\n\t\t\t\t<\/div>\n\t\t\t\t\t<\/div>\n\t\t\t\t<\/div>\n\t\t\t\t<\/div>\n\t\t","protected":false},"excerpt":{"rendered":"<p>les Ateliers HESTIA architectes R\u00e9novation, r\u00e9habilitation et travail de l&rsquo;existant les Ateliers HESTIA architectes R\u00e9novation, r\u00e9habilitation et travail de l&rsquo;existant NOS PROJETS Extension Non class\u00e9 R\u00e9novation 013 &#8211; APPARTEMENT CK 010 &#8211; APPARTEMENT SLCPK D\u00e9couvrir les projets L\u2019AGENCE Les Ateliers HESTIA est une agence d\u2019architecture d\u00e9di\u00e9e aux particuliers.\u00a0Nous vous accompagnons pour tout projet de r\u00e9novation : maisons, appartements, extensions, sur\u00e9l\u00e9vations, bureaux et espaces de travail. Nous avons pour vocation de cr\u00e9er des lieux de vie, avec du beau, du pratique, du confortable, du p\u00e9renne et du sur-mesure pour chaque client. Delphine Marcotte &#8211; architecte DE-HMONP, est \u00e0 votre \u00e9coute pour vous guider, vous conseiller et vous proposer les solutions adapt\u00e9es \u00e0 vos envies, besoins, budgets et murs existants. D\u00e9couvrir l&rsquo;agence SE RENCONTRER ? N\u2019h\u00e9sitez pas \u00e0 nous contacter et racontez nous votre projet ! NOUS CONTACTER<\/p>\n","protected":false},"author":1,"featured_media":0,"parent":0,"menu_order":0,"comment_status":"closed","ping_status":"closed","template":"elementor_header_footer","meta":{"footnotes":""},"class_list":["post-548","page","type-page","status-publish","hentry"],"yoast_head":"<!-- This site is optimized with the Yoast SEO plugin v25.3.1 - https:\/\/yoast.com\/wordpress\/plugins\/seo\/ -->\n<title>Les ateliers Hestia - Agence d&#039;architecture - Montrouge - Paris - Delphine Marcotte<\/title>\n<meta name=\"description\" content=\"Delphine Marcotte, les ateliers hestia, architecte DE HMNOP bas\u00e9e \u00e0 Montrouge, mobile sur Paris et r\u00e9gion parisienne.\" \/>\n<meta name=\"robots\" content=\"index, follow, max-snippet:-1, max-image-preview:large, max-video-preview:-1\" \/>\n<link rel=\"canonical\" href=\"https:\/\/lesateliershestia.fr\/\" \/>\n<meta property=\"og:locale\" content=\"fr_FR\" \/>\n<meta property=\"og:type\" content=\"article\" \/>\n<meta property=\"og:title\" content=\"Les ateliers Hestia - Agence d&#039;architecture - Montrouge - Paris - Delphine Marcotte\" \/>\n<meta property=\"og:description\" content=\"Delphine Marcotte, les ateliers hestia, architecte DE HMNOP bas\u00e9e \u00e0 Montrouge, mobile sur Paris et r\u00e9gion parisienne.\" \/>\n<meta property=\"og:url\" content=\"https:\/\/lesateliershestia.fr\/\" \/>\n<meta property=\"og:site_name\" content=\"Les Ateliers Hestia\" \/>\n<meta property=\"article:modified_time\" content=\"2025-06-24T13:42:33+00:00\" \/>\n<meta property=\"og:image\" content=\"https:\/\/lesateliershestia.fr\/wp-content\/uploads\/2020\/05\/Nouveau-projet-16.jpg\" \/>\n<meta name=\"twitter:card\" content=\"summary_large_image\" \/>\n<meta name=\"twitter:label1\" content=\"Dur\u00e9e de lecture estim\u00e9e\" \/>\n\t<meta name=\"twitter:data1\" content=\"2 minutes\" \/>\n<script type=\"application\/ld+json\" class=\"yoast-schema-graph\">{\"@context\":\"https:\/\/schema.org\",\"@graph\":[{\"@type\":\"WebPage\",\"@id\":\"https:\/\/lesateliershestia.fr\/\",\"url\":\"https:\/\/lesateliershestia.fr\/\",\"name\":\"Les ateliers Hestia - Agence d'architecture - Montrouge - Paris - Delphine Marcotte\",\"isPartOf\":{\"@id\":\"https:\/\/lesateliershestia.fr\/#website\"},\"primaryImageOfPage\":{\"@id\":\"https:\/\/lesateliershestia.fr\/#primaryimage\"},\"image\":{\"@id\":\"https:\/\/lesateliershestia.fr\/#primaryimage\"},\"thumbnailUrl\":\"https:\/\/lesateliershestia.fr\/wp-content\/uploads\/2020\/05\/Nouveau-projet-16.jpg\",\"datePublished\":\"2023-09-26T11:39:18+00:00\",\"dateModified\":\"2025-06-24T13:42:33+00:00\",\"description\":\"Delphine Marcotte, les ateliers hestia, architecte DE HMNOP bas\u00e9e \u00e0 Montrouge, mobile sur Paris et r\u00e9gion parisienne.\",\"inLanguage\":\"fr-FR\",\"potentialAction\":[{\"@type\":\"ReadAction\",\"target\":[\"https:\/\/lesateliershestia.fr\/\"]}]},{\"@type\":\"ImageObject\",\"inLanguage\":\"fr-FR\",\"@id\":\"https:\/\/lesateliershestia.fr\/#primaryimage\",\"url\":\"https:\/\/lesateliershestia.fr\/wp-content\/uploads\/2020\/05\/Nouveau-projet-16.jpg\",\"contentUrl\":\"https:\/\/lesateliershestia.fr\/wp-content\/uploads\/2020\/05\/Nouveau-projet-16.jpg\",\"width\":1000,\"height\":1000},{\"@type\":\"WebSite\",\"@id\":\"https:\/\/lesateliershestia.fr\/#website\",\"url\":\"https:\/\/lesateliershestia.fr\/\",\"name\":\"Les Ateliers Hestia\",\"description\":\"\",\"publisher\":{\"@id\":\"https:\/\/lesateliershestia.fr\/#organization\"},\"potentialAction\":[{\"@type\":\"SearchAction\",\"target\":{\"@type\":\"EntryPoint\",\"urlTemplate\":\"https:\/\/lesateliershestia.fr\/?s={search_term_string}\"},\"query-input\":{\"@type\":\"PropertyValueSpecification\",\"valueRequired\":true,\"valueName\":\"search_term_string\"}}],\"inLanguage\":\"fr-FR\"},{\"@type\":\"Organization\",\"@id\":\"https:\/\/lesateliershestia.fr\/#organization\",\"name\":\"Les Ateliers Hestia\",\"url\":\"https:\/\/lesateliershestia.fr\/\",\"logo\":{\"@type\":\"ImageObject\",\"inLanguage\":\"fr-FR\",\"@id\":\"https:\/\/lesateliershestia.fr\/#\/schema\/logo\/image\/\",\"url\":\"http:\/\/lesateliershestia.fr\/wp-content\/uploads\/2024\/01\/accueil-logo-en-tete-1-2-1.png\",\"contentUrl\":\"http:\/\/lesateliershestia.fr\/wp-content\/uploads\/2024\/01\/accueil-logo-en-tete-1-2-1.png\",\"width\":350,\"height\":204,\"caption\":\"Les Ateliers Hestia\"},\"image\":{\"@id\":\"https:\/\/lesateliershestia.fr\/#\/schema\/logo\/image\/\"}}]}<\/script>\n<!-- \/ Yoast SEO plugin. -->","yoast_head_json":{"title":"Les ateliers Hestia - Agence d'architecture - Montrouge - Paris - Delphine Marcotte","description":"Delphine Marcotte, les ateliers hestia, architecte DE HMNOP bas\u00e9e \u00e0 Montrouge, mobile sur Paris et r\u00e9gion parisienne.","robots":{"index":"index","follow":"follow","max-snippet":"max-snippet:-1","max-image-preview":"max-image-preview:large","max-video-preview":"max-video-preview:-1"},"canonical":"https:\/\/lesateliershestia.fr\/","og_locale":"fr_FR","og_type":"article","og_title":"Les ateliers Hestia - Agence d'architecture - Montrouge - Paris - Delphine Marcotte","og_description":"Delphine Marcotte, les ateliers hestia, architecte DE HMNOP bas\u00e9e \u00e0 Montrouge, mobile sur Paris et r\u00e9gion parisienne.","og_url":"https:\/\/lesateliershestia.fr\/","og_site_name":"Les Ateliers Hestia","article_modified_time":"2025-06-24T13:42:33+00:00","og_image":[{"url":"https:\/\/lesateliershestia.fr\/wp-content\/uploads\/2020\/05\/Nouveau-projet-16.jpg","type":"","width":"","height":""}],"twitter_card":"summary_large_image","twitter_misc":{"Dur\u00e9e de lecture estim\u00e9e":"2 minutes"},"schema":{"@context":"https:\/\/schema.org","@graph":[{"@type":"WebPage","@id":"https:\/\/lesateliershestia.fr\/","url":"https:\/\/lesateliershestia.fr\/","name":"Les ateliers Hestia - Agence d'architecture - Montrouge - Paris - Delphine Marcotte","isPartOf":{"@id":"https:\/\/lesateliershestia.fr\/#website"},"primaryImageOfPage":{"@id":"https:\/\/lesateliershestia.fr\/#primaryimage"},"image":{"@id":"https:\/\/lesateliershestia.fr\/#primaryimage"},"thumbnailUrl":"https:\/\/lesateliershestia.fr\/wp-content\/uploads\/2020\/05\/Nouveau-projet-16.jpg","datePublished":"2023-09-26T11:39:18+00:00","dateModified":"2025-06-24T13:42:33+00:00","description":"Delphine Marcotte, les ateliers hestia, architecte DE HMNOP bas\u00e9e \u00e0 Montrouge, mobile sur Paris et r\u00e9gion parisienne.","inLanguage":"fr-FR","potentialAction":[{"@type":"ReadAction","target":["https:\/\/lesateliershestia.fr\/"]}]},{"@type":"ImageObject","inLanguage":"fr-FR","@id":"https:\/\/lesateliershestia.fr\/#primaryimage","url":"https:\/\/lesateliershestia.fr\/wp-content\/uploads\/2020\/05\/Nouveau-projet-16.jpg","contentUrl":"https:\/\/lesateliershestia.fr\/wp-content\/uploads\/2020\/05\/Nouveau-projet-16.jpg","width":1000,"height":1000},{"@type":"WebSite","@id":"https:\/\/lesateliershestia.fr\/#website","url":"https:\/\/lesateliershestia.fr\/","name":"Les Ateliers Hestia","description":"","publisher":{"@id":"https:\/\/lesateliershestia.fr\/#organization"},"potentialAction":[{"@type":"SearchAction","target":{"@type":"EntryPoint","urlTemplate":"https:\/\/lesateliershestia.fr\/?s={search_term_string}"},"query-input":{"@type":"PropertyValueSpecification","valueRequired":true,"valueName":"search_term_string"}}],"inLanguage":"fr-FR"},{"@type":"Organization","@id":"https:\/\/lesateliershestia.fr\/#organization","name":"Les Ateliers Hestia","url":"https:\/\/lesateliershestia.fr\/","logo":{"@type":"ImageObject","inLanguage":"fr-FR","@id":"https:\/\/lesateliershestia.fr\/#\/schema\/logo\/image\/","url":"http:\/\/lesateliershestia.fr\/wp-content\/uploads\/2024\/01\/accueil-logo-en-tete-1-2-1.png","contentUrl":"http:\/\/lesateliershestia.fr\/wp-content\/uploads\/2024\/01\/accueil-logo-en-tete-1-2-1.png","width":350,"height":204,"caption":"Les Ateliers Hestia"},"image":{"@id":"https:\/\/lesateliershestia.fr\/#\/schema\/logo\/image\/"}}]}},"_links":{"self":[{"href":"https:\/\/lesateliershestia.fr\/index.php\/wp-json\/wp\/v2\/pages\/548","targetHints":{"allow":["GET"]}}],"collection":[{"href":"https:\/\/lesateliershestia.fr\/index.php\/wp-json\/wp\/v2\/pages"}],"about":[{"href":"https:\/\/lesateliershestia.fr\/index.php\/wp-json\/wp\/v2\/types\/page"}],"author":[{"embeddable":true,"href":"https:\/\/lesateliershestia.fr\/index.php\/wp-json\/wp\/v2\/users\/1"}],"replies":[{"embeddable":true,"href":"https:\/\/lesateliershestia.fr\/index.php\/wp-json\/wp\/v2\/comments?post=548"}],"version-history":[{"count":1198,"href":"https:\/\/lesateliershestia.fr\/index.php\/wp-json\/wp\/v2\/pages\/548\/revisions"}],"predecessor-version":[{"id":4029,"href":"https:\/\/lesateliershestia.fr\/index.php\/wp-json\/wp\/v2\/pages\/548\/revisions\/4029"}],"wp:attachment":[{"href":"https:\/\/lesateliershestia.fr\/index.php\/wp-json\/wp\/v2\/media?parent=548"}],"curies":[{"name":"wp","href":"https:\/\/api.w.org\/{rel}","templated":true}]}}